7*u + 5*u - k. What is the tens digit of u?
0
Let t be (10/(-15)*3)/2. Let n(v) = -5*v**3 - 2*v - 2. Let k be n(t). Let z(d) = 10*d + 8. What is the units digit of z(k)?
8
Suppose -4*s + 4*h + 56 = 0, -5*s + 81 = 2*h - 10. Suppose 6*q = -5 + s. What is the units digit of -3 - (3 - (-78)/(-3) - q)?
2
Let y = -560 + 565. What is the thousands digit of 28/(-630)*y + (-10325)/(-9)?
1
Let x be (-3)/5 - 712/(-20). Let a be ((-112)/x)/((-3)/60) + -1. What is the tens digit of 9693/a + 2/14?
5
Let m(c) = c**2 + 14*c + 19. Let d be m(-15). Let i = 24 - d. What is the tens digit of (-965)/(-25) - (-2 - 26/i)?
3
Suppose -8*b = -13*b + 280. Let d be (b/21)/((-3)/9). What is the tens digit of 92/6*(-4 + (-68)/d)?
6
Let t(m) be the third derivative of 0 + 5/24*m**4 + 0*m - 2/3*m**3 - 8*m**2. What is the tens digit of t(5)?
2
Suppose 6 = -3*a + 21, 3*f + 331 = 2*a. Suppose 181*u = 177*u + 620. Let h = u + f. What is the units digit of h?
8
Let t = -602 + 603. What is the tens digit of (5 + ((-974)/8 - t))*-8?
4
Let x = 23438 - -16194. What is the ten thousands digit of x?
3
Suppose -33 = -5*i + 2*h, i + 0*i = 5*h + 25. Let g(a) be the first derivative of a**3 - 3*a**2/2 - 17*a + 494. What is the units digit of g(i)?
3
Suppose 3*s = -141 - 33. Let b = s - -62. Suppose -3*y + 272 = -j - 4*j, -b*y = 5*j - 316. What is the units digit of y?
4
Let o(j) = -4*j**3 - 25*j**2 + 9*j + 11. Let k be o(-12). Suppose 14*z + k - 15255 = 0. What is the hundreds digit of z?
8
Let k = 1 - 1. Suppose -v - 3*n + 7 = -k*n, -46 = -4*v - 3*n. Let s = v + 115. What is the hundreds digit of s?
1
Let l(k) = 1104*k**2 - 446*k + 2628. What is the units digit of l(6)?
6
Suppose -6*l - 6*l + 203478 = 10*l. What is the tens digit of l?
4
Suppose 155*k + 20*k - 5*k = 1938170. What is the hundreds digit of k?
4
Suppose -54972 = -2*h - 4*t, t - 10 = 3*t. What is the units digit of h?
6
Suppose 0*j = -8*j + 104. Suppose -5*y - 3 = -j. Suppose 59 = y*g - 49. What is the tens digit of g?
5
Let o(x) = 2*x**2 - 3*x + 2. Let f(v) = -v**2 - 8*v - 7. Let r be f(-6). Let c be o(r). Let u = 32 + c. What is the tens digit of u?
6
Suppose -11*k + 137237 = -61445. What is the tens digit of k?
6
What is the units digit of 7 + (-1)/5 + (-124336)/(-5)?
4
Suppose -9*n + 8*n - 5*d = -4918, 2*d = 5*n - 24617. What is the units digit of n?
3
Let n be (9 - -2)/((-4)/(-32)). Suppose 3*b + 5*b = n. What is the units digit of (-103)/(-4) + b/44?
6
Let w be 26/(-10) - (1 + 12/(-20)). Let q be (w/2)/((-2)/40). Suppose -5*f + 395 = q. What is the units digit of f?
3
Suppose 4*a + 517 = 3*m, 5*m + 163 = 3*a + 548. Let c = -223 - a. Let y = 99 + c. What is the units digit of y?
6
Suppose 35862 = 2*z + 3*n - 19498, 4*z - 110746 = 7*n. What is the tens digit of z?
8
Let q be (-23)/(-3) + 68/51. Let p = -49 + 55. What is the hundreds digit of (p/q)/((-6)/(-2097))?
2
Let f(d) = 50*d - 1. Let c = -104 + 69. Let y = c - -36. What is the tens digit of f(y)?
4
Let i(j) = -40 - 49*j + 52*j - 133*j - 46*j. What is the tens digit of i(-4)?
6
Let x = -20 - -22. Let a be (3*1/3)/(x/30). Let h(f) = -f**3 + 16*f**2 - 4*f + 19. What is the units digit of h(a)?
4
Let v(p) = -29*p**3 - 14*p**2 - 49*p - 2. Let g(t) = -2*t**3 - t**2 - 3*t. Let h(s) = -14*g(s) + v(s). Suppose -b + 0 - 5 = 0. What is the tens digit of h(b)?
5
Suppose -5*v + 4*u + 7143 = 0, -4*v - 57*u + 5716 = -61*u. What is the hundreds digit of v?
4
Let i(u) = -139*u - 873. What is the hundreds digit of i(-42)?
9
Suppose 0 = -z + 4*n - 16, 3*n - 9 = -4*z + 3. Suppose -3*u + 5*s - 37 - 22 = z, 3*s - 25 = u. What is the tens digit of (0 - u)/((-5)/(-15))?
3
Suppose -6 = 7*b - 69. Let h(n) = 12*n**2 - 3*n**2 - 5*n**3 + 7*n + b - 7*n**2 + 4*n**3. What is the units digit of h(-4)?
7
Suppose 137*h = 1841654 + 1773497 + 1718122. What is the hundreds digit of h?
9
Suppose -56 = -11*d + 43. Suppose -d*x + 2057 = -3568. What is the units digit of x?
5
Let r be ((-98)/(-8) - (-3 - 2))*80. Let i = r - 839. What is the units digit of i?
1
Let r be ((-140)/(-225) + 4/(-18))*185. Let o = 92 - r. Let k = 76 + o. What is the tens digit of k?
9
Suppose -324*c + 92*c = -3789024. What is the ten thousands digit of c?
1
Suppose -757589 = 75*d - 2345639. What is the hundreds digit of d?
1
Suppose 0 = 53*q - 661666 + 70239. What is the ten thousands digit of q?
1
Suppose -12*f + 19586 + 22151 = -4595. What is the tens digit of f?
6
Let p(b) = b**2 + 15*b + 32. Suppose -4*s - 42 = 2*x, -3*x + 0*x - 4*s = 55. Let i be p(x). Suppose i*j - 393 = 357. What is the tens digit of j?
2
Suppose -62*c + 57*c = 5*l - 21865, 5*l - 15 = 0. What is the hundreds digit of c?
3
Let u = -221 + 227. What is the units digit of u + 389 + -5 + 2?
2
Let m(t) = -10926*t**3 - 11*t**2 - 2*t - 1. What is the units digit of m(-1)?
6
Let n(g) = 593*g - 5268. What is the tens digit of n(48)?
9
Suppose 0 = -4*p - 2*r + 72 + 54, 0 = -p - 4*r + 42. Suppose -2*l + 6 = 2. What is the units digit of (2 - -2) + p + l?
6
Let g(p) be the second derivative of -5*p**4/6 - p**3 + 2*p**2 + 16*p. Let b be g(4). Let a = -95 - b. What is the tens digit of a?
8
Let q be -4*(-5)/80 - 16177/(-28). Let a = q + 891. What is the thousands digit of a?
1
Let d = 45 - 47. Let f(q) = -22*q**3 + q**2 + q - 1. Let m be f(d). Let t = -58 + m. What is the tens digit of t?
1
Suppose -5*p + 9 = 3*z, 9*p + 5*z - 5 = 4*p. Suppose 2*m + 30 = -p*m. What is the units digit of (-6)/(-9) - 476/m?
0
Suppose 73*p + 58*p - 537624 = 0. What is the tens digit of p?
0
Let o(s) = 5*s - 10. Let j be o(6). What is the thousands digit of ((387/(-2))/(-3))/(j/320)?
1
Let x(i) = 395*i + 2940. What is the tens digit of x(23)?
2
Suppose 5*i - 9 = -2*g, 6 = -3*g + 8*g - 4*i. Suppose 7*p = g*p + 4*n + 128, n = -2. What is the units digit of (-4)/p - 266/(-12)?
2
Suppose 4*k - 17 - 3 = 0. Let z be 8/(k - 1) - -2. Suppose -z*u + 164 + 60 = 0. What is the units digit of u?
6
Let z be 2*(-2)/6*(-12)/8. Let v(d) = 1129*d**2 + 1. What is the thousands digit of v(z)?
1
Suppose 2*y - 4 = -2*w, 9*y = 5*y + w + 13. Suppose -2*k - 2*t = -62, 3*t + t - 95 = -y*k. What is the units digit of k?
9
Suppose -2*t + 20359 = 5*h, 0 = 5*h - 82*t + 83*t - 20362. What is the hundreds digit of h?
0
Suppose -w + a + 14541 = -0*w, -72655 = -5*w - 5*a. What is the ten thousands digit of w?
1
Let y(h) = 2661*h**2 - 109*h - 243. What is the units digit of y(-4)?
9
Let y(l) = -10 - 9*l + 7*l + 51*l**2 + 4*l + 4*l. What is the units digit of y(2)?
6
Let d = -206 - -209. Suppose -5*j = 24*l - 20*l - 1500, -375 = -l + d*j. What is the tens digit of l?
7
Let i(b) be the third derivative of b**5/30 + b**4/2 + 25*b**3/6 - 2*b**2 + 22*b. What is the tens digit of i(-8)?
5
Suppose -183*h - 64*h + 2867917 = 0. What is the tens digit of h?
1
Suppose -1994*z = -1941*z - 111194. What is the tens digit of z?
9
Let o(z) = 121*z - 59. Let b be o(-12). Let k = 2223 + b. What is the units digit of k?
2
Let c(i) = -i**3 + 7*i**2 - 6*i + 6. Let j = -87 - -99. Let r be (15/(-6) + 3)*j. What is the units digit of c(r)?
6
Let q(u) = -u**3 + 11*u**2 - 3*u + 37. Let w be q(11). Suppose 4*d + 7*i - 3326 = 5*i, -w*d = i - 3327. What is the hundreds digit of d?
8
Suppose 88*u + 54 = 82*u. Let p(k) = -k**3 - 9*k**2 - 21*k - 20. What is the hundreds digit of p(u)?
1
Suppose -5*h + 2*b + 24773 = -22899, 47671 = 5*h - b. What is the tens digit of h?
3
Let k = -123 - -396. Suppose -28*i + k = -21*i. What is the units digit of i?
9
Let u(b) = -b**3 - 10*b**2 - 22*b - 4. Let q be u(-7). Suppose h = -4*m, 0*m = q*h - m. Suppose h = 3*z + 23 - 293. What is the tens digit of z?
9
Let p(x) = x**3 + 14*x**2 - 3*x + 5. Suppose 0 = -2*r + 9 - 25. What is the hundreds digit of p(r)?
4
Let t be (-10 - -14) + (8 - 2). Suppose 9*k + 36 = t*k. Let p = k - 16. What is the tens digit of p?
2
Let g = -257 - 547. Let p = g + 1363. What is the units digit of p?
9
Suppose q = 4*q + 12. Let l(s) = -13*s**2 - 5*s - 3. Let y be l(q). Let t = -87 - y. What is the hundreds digit of t?
1
Suppose -414 = 5*k + 351. Let v = 129 - k. Suppose 294*i - v = 292*i. What is the tens digit of i?
4
Let a(z) = -454*z - 26. Let s be a(-9). Suppose -112*w + 119*w = s. What is the units digit of w?
0
Let y(j) = 2*j**3 + 3*j**2 + 6*j - 14. Let i be y(3). What is the tens digit 